 a factor of 51504?
True
Is 869 a multiple of 79?
True
Is 3752 a multiple of 141?
False
Does 14 divide 2996?
True
Is 15275 a multiple of 2?
False
Is 242 a multiple of 16?
False
Is 112 a multiple of 28?
True
Is 12 a factor of 1416?
True
Is 662 a multiple of 10?
False
Is 11 a factor of 32511?
False
Does 10 divide 20207?
False
Does 3 divide 586?
False
Does 20 divide 1874?
False
Is 423 a multiple of 13?
False
Is 1428 a multiple of 21?
True
Does 14 divide 50752?
False
Does 14 divide 4956?
True
Is 15410 a multiple of 26?
False
Is 750 a multiple of 30?
True
Is 68 even?
True
Does 19 divide 687?
False
Is 52 a factor of 1352?
True
Is 4290 a multiple of 13?
True
Does 55 divide 770?
True
Does 29 divide 6144?
False
Is 100 a factor of 6500?
True
Does 14 divide 47248?
False
Is 43 a factor of 1588?
False
Is 9 a factor of 10092?
False
Does 13 divide 1677?
True
Is 209 a multiple of 11?
True
Is 27569 a multiple of 34?
False
Does 18 divide 105458?
False
Is 2 a factor of 270?
True
Is 3 a factor of 40?
False
Is 18 a factor of 7946?
False
Does 18 divide 648?
True
Is 3060 a multiple of 120?
False
Is 16242 a multiple of 83?
False
Is 41720 a multiple of 40?
True
Is 7 a factor of 497?
True
Is 3785 a multiple of 16?
False
Is 686 a multiple of 14?
True
Does 22 divide 42837?
False
Is 56 a factor of 10382?
False
Does 383 divide 109921?
True
Does 7 divide 2186?
False
Is 4 a factor of 12648?
True
Is 18480 a multiple of 56?
True
Does 12 divide 920?
False
Does 11 divide 233?
False
Is 280 a factor of 77415?
False
Does 30 divide 83578?
False
Is 11 a factor of 860?
False
Is 5 a factor of 1040?
True
Is 21 a factor of 12815?
False
Is 17018 a multiple of 67?
True
Does 18 divide 1584?
True
Is 7 a factor of 4683?
True
Is 2328 a multiple of 41?
False
Does 15 divide 4598?
False
Does 21 divide 58434?
False
Is 1029 a multiple of 3?
True
Does 17 divide 19273?
False
Is 57 a factor of 7581?
True
Is 1308 a multiple of 64?
False
Is 509 a multiple of 13?
False
Is 21 a factor of 3156?
False
Is 3139 a multiple of 2?
False
Is 1071 a multiple of 7?
True
Is 2952 a multiple of 8?
True
Does 8 divide 204?
False
Is 95 a factor of 23426?
False
Does 57 divide 798?
True
Is 104273 a multiple of 11?
False
Is 10829 a multiple of 156?
False
Is 112 a factor of 2015?
False
Is 3162 a multiple of 50?
False
Is 11184 a multiple of 26?
False
Is 28 a multiple of 5?
False
Does 16 divide 2499?
False
Is 8727 a multiple of 6?
False
Does 63 divide 1008?
True
Is 20628 a multiple of 9?
True
Does 9 divide 111966?
False
Is 35 a factor of 4935?
True
Is 89 a factor of 4586?
False
Is 131 a factor of 30785?
True
Is 28 a factor of 14392?
True
Is 13575 a multiple of 18?
False
Is 1476 a multiple of 123?
True
Is 2 a factor of 112?
True
Is 29 a factor of 36045?
False
Is 1360 a multiple of 34?
True
Is 160 a multiple of 40?
True
Is 52900 a multiple of 42?
False
Does 20 divide 829?
False
Is 52 a factor of 62735?
False
Is 151 even?
False
Is 643 a multiple of 17?
False
Does 9 divide 5269?
False
Is 11 a factor of 50384?
False
Is 34 a factor of 102?
True
Is 8 a factor of 88?
True
Does 8 divide 952?
True
Is 8366 a multiple of 178?
True
Does 23 divide 23494?
False
Does 6 divide 696?
True
Does 26 divide 104?
True
Does 47 divide 1034?
True
Is 20 a factor of 22680?
True
Is 16 a factor of 977?
False
Does 57 divide 285?
True
Is 168 a multiple of 8?
True
Does 4 divide 36?
True
Does 3 divide 819?
True
Is 247 a multiple of 13?
True
Is 3050 a multiple of 61?
True
Is 360 a multiple of 40?
True
Does 14 divide 773?
False
Does 6 divide 14183?
False
Is 3277 a multiple of 113?
True
Is 3300 a multiple of 55?
True
Is 18413 a multiple of 15?
False
Is 31 a factor of 6427?
False
Is 51 a factor of 669?
False
Is 13 a factor of 18200?
True
Is 62 a factor of 61742?
False
Does 8 divide 3586?
False
Is 93 a factor of 33108?
True
Does 96 divide 1920?
True
Is 25 a factor of 3250?
True
Is 131 a factor of 5794?
False
Does 14 divide 82?
False
Is 459 a multiple of 9?
True
Does 3 divide 717?
True
Does 3 divide 61?
False
Is 7 a factor of 2959?
False
Is 11 a factor of 5048?
False
Is 20454 a multiple of 7?
True
Is 7385 a multiple of 35?
True
Is 13077 a multiple of 21?
False
Is 2240 a multiple of 10?
True
Is 3091 a multiple of 173?
False
Is 10 a factor of 490?
True
Is 35 a factor of 9205?
True
Is 7611 even?
False
Is 24 a factor of 34?
False
Is 17 a factor of 46644?
False
Is 20 a factor of 9740?
True
Does 6 divide 121?
False
Does 19 divide 532?
True
Is 1262 a multiple of 3?
False
Does 19 divide 8560?
False
Is 81 a factor of 5095?
False
Does 14 divide 756?
True
Is 15148 a multiple of 14?
True
Does 20 divide 7400?
True
Is 16 a factor of 80?
True
Is 189 a factor of 10562?
False
Is 2025 a multiple of 15?
True
Is 12 a factor of 157032?
True
Is 71 a multiple of 2?
False
Is 13 a factor of 281?
False
Does 4 divide 319?
False
Is 39 a factor of 8238?
False
Is 11 a factor of 1616?
False
Is 489 a multiple of 21?
False
Is 476 a multiple of 7?
True
Is 1444 even?
True
Does 49 divide 1916?
False
Is 6390 a multiple of 14?
False
Does 56 divide 5811?
False
Is 22734 a multiple of 13?
False
Is 19250 a multiple of 154?
True
Does 14 divide 8837?
False
Is 102 a multiple of 10?
False
Does 6 divide 14331?
False
Is 12 a factor of 4752?
True
Is 2852 a multiple of 60?
False
Does 3 divide 2667?
True
Does 3 divide 2934?
True
Does 50 divide 9450?
True
Does 9 divide 243?
True
Does 7 divide 1001?
True
Is 69 a factor of 1977?
False
Is 68 a factor of 94174?
False
Is 12 a factor of 1128?
True
Is 684 a multiple of 6?
True
Does 2 divide 340?
True
Is 8 a factor of 4786?
False
Does 69 divide 2208?
True
Is 118 a factor of 16094?
False
Is 22 a factor of 2298?
False
Does 322 divide 14517?
False
Is 8 a factor of 920?
True
Is 73 a factor of 7581?
False
Does 10 divide 70?
True
Does 53 divide 34676?
False
Does 51 divide 54774?
True
Is 26587 a multiple of 89?
False
Is 63 a multiple of 20?
False
Is 34 a factor of 1402?
False
Is 22 a factor of 2486?
True
Is 353 a multiple of 32?
False
Does 17 divide 323?
True
Is 8 a factor of 48?
True
Is 1207 a multiple of 19?
False
Is 4912 a multiple of 15?
False
Is 40239 a multiple of 17?
True
Is 41 a factor of 1613?
False
Is 181 a factor of 14480?
True
Is 30 a factor of 779?
False
Does 9 divide 282?
False
Does 25 divide 997?
False
Is 44330 a multiple of 26?
True
Is 40 a factor of 40?
True
Is 73 a factor of 1889?
False
Is 10434 a multiple of 94?
True
Is 117 a multiple of 13?
True
Is 1074 a multiple of 10?
False
Is 82 a factor of 29684?
True
Is 468 a multiple of 52?
True
Is 5 a factor of 80?
True
Is 639 a multiple of 15?
False
Is 7317 a multiple of 3?
True
Is 20927 a multiple of 28?
False
Is 6651 a multiple of 7?
False
Is 34 a factor of 4564?
False
Is 4 a factor of 3036?
True
Is 73 a factor of 22411?
True
Is 27683 a multiple of 13?
False
Is 127 a multiple of 35?
False
Does 65 divide 4355?
True
Is 68 a factor of 26180?
True
Is 11481 a multiple of 16?
False
Is 96 a factor of 66962?
False
Does 35 divide 355?
False
Is 2 a factor of 105?
False
Is 1057 a multiple of 51?
False
Is 46 a factor of 4717?
False
Is 34 a factor of 34?
True
Does 7 divide 2009?
True
Is 2871 a multiple of 99?
True
Is 136 a factor of 31011?
False
Is 30336 a multiple of 96?
True
Does 37 divide 185?
True
Does 15 divide 420?
True
Is 65179 a multiple of 374?
False
Is 7160 a multiple of 73?
False
Is 6814 a multiple of 6?
False
Is 18 a factor of 1998?
True
Is 15576 a multiple of 33?
True
Is 139 a factor of 15229?
False
Is 49 a factor of 5387?
False
Is 50652 a multiple of 189?
True
Is 22579 a multiple of 52?
False
Is 11 a factor of 374?
True
Is 13 a factor of 15028?
True
Does 13 divide 927?
False
Does 5 divide 203?
False
Does 21 divide 2100?
True
Is 155914 a multiple of 373?
True
Is 110 a multiple of 2?
True
Does 8 divide 3336?
True
Does 5 divide 10640?
True
Is 6 a factor of 1208?
False
Is 3626 a multiple of 49?
True
Is 16 a factor of 448?
True
Is 5 a factor of 722?
False
Is 19 a factor of 5491?
True
Does 146 divide 17614?
False
Does 25 divide 278?
False
Is 1461 a multiple of 2?
False
Is 5786 a multiple of 84?
False
Is 10788 a multiple of 58?
True
Does 20 divide 4767?
False
Is 3384 a multiple of 18?
True
Does 95 divide 7410?
True
Is 2131 a multiple of 20?
False
Is 20 a factor of 94240?
True
Does 8 divide 3624?
True
Is 684 a multiple of